 0) a composite number?
False
Suppose 0 = 4*d - 2797 - 203. Let t = d - -2851. Is t a composite number?
True
Let z be -2*(-1 + -1 - -1). Let d be (z/(-4) - (-63)/(-6))*-24. Suppose c = d + 1019. Is c prime?
True
Let l be ((-10)/8)/(10/(-40)). Suppose -l*u + 17460 = 5*k - 0*u, 5*k = 3*u + 17452. Is k prime?
True
Let b(i) = -83*i**3 - 12*i**2 - 30*i - 77. Is b(-8) prime?
False
Let x(c) = -c**3 + 80*c**2 + 51*c - 23. Is x(24) composite?
False
Suppose -2*l - 162 = -c + 4*c, -178 = 2*l - 5*c. Let w be -649 - 2 - (32/8 + -4). Is (w/l)/(2/8) prime?
True
Suppose -h - 2227 = -3*a, 2*h - 111 - 2104 = -3*a. Suppose 0 = 5*x + 4*u - 1496 - 2227, -x + u + a = 0. Is x a prime number?
True
Let k be (-691 - 1)/((140/21)/(-10)). Suppose u = k + 3811. Is u composite?
True
Suppose -226*r = -229*r + 17868. Let a = r - -12367. Is a composite?
True
Is (-23963537)/(-23) - (-1*(-565)/115 - 5) composite?
False
Let z = -30 - -45. Let k be 8/(-6)*z/5. Is 475 - (3 + 28/k) a prime number?
True
Let i(z) = -75*z**3 + z**2 - z - 2. Let w be i(3). Let m = 8230 - 5148. Let t = w + m. Is t prime?
True
Let p(m) = 2*m**3 + m**2 - 5*m + 10. Let y be p(-4). Let o = y - -87. Is (-9036)/90*o/(-2) a prime number?
True
Let l(h) = -29249*h**3 + 12*h**2 + 22*h + 117. Is l(-4) a composite number?
True
Suppose 31*l + 0 = 124. Suppose -b - 4*c = -2*c + 8, 45 = -4*b + 5*c. Is 291 - b*l/(-10) prime?
False
Suppose 8*q = 3*q - 3*l + 315506, -5*l + 252397 = 4*q. Suppose 6*o - q = -18241. Is o a composite number?
False
Suppose 12*o = 17*o - 755740. Is o/92 + (-26)/(-299) prime?
False
Suppose -1008492 = -48*t + 2265444. Is t a prime number?
True
Suppose -2*j + 3383354 = 4*n - 91734, -j + 2 = 0. Is n prime?
True
Let y = -64 - -69. Suppose -8 = -3*d - 2*f - 2, y*f = 5*d + 15. Suppose d = -4*p - 4*b + 3916, -2*b + 2475 + 1437 = 4*p. Is p composite?
False
Suppose b + 4*b + m = 5, -5*b + 5*m + 35 = 0. Suppose -b - 869 = -a. Is a composite?
True
Let y be -1342*(6 + (-35)/2). Suppose o - y = -4*o - 4*f, 0 = o - 3*f - 3098. Is o composite?
False
Is 6518 + 8/(80/30) a prime number?
True
Let l be (205101/(-6) + 4)/(3/(-6)). Let w = l + -38792. Is w prime?
True
Let j = -5537 + 9150. Is j composite?
False
Suppose 3*u - 6113 = w - 3*w, -5*u = -25. Let z = w - 1430. Is z a composite number?
False
Suppose 4119547 = 5*x - 2*h, 111*x + 3295610 = 115*x + 3*h. Is x a prime number?
False
Is ((-5848305)/(-88) + (1104/132)/23)*8 a prime number?
True
Let z = -707 - -54486. Is z a composite number?
True
Suppose -19*g + 25*g + 72 = 0. Let n be 2 - (g/24 - 101/(-2)). Is (n/(-44))/6 - 16386/(-22) a composite number?
True
Let y be (-3 - (-245)/(-10))*-3334. Let q = y + -40626. Is q a prime number?
True
Let a be (-4)/((-64)/(-4)) - (-39)/12. Let m be (2/6 - a)*-174. Let x = m - 133. Is x a prime number?
True
Let n(h) = -h + 2. Let k be n(2). Let x = 2943 + -1645. Suppose k = 3*g - g - x. Is g prime?
False
Suppose -1789288 + 176574 - 8677971 = -95*q. Is q a prime number?
False
Let z(f) = -273*f**2 - f - 3. Let s be z(-2). Suppose 0 = 26*a - 25*a + 2051. Let l = s - a. Is l composite?
True
Let t be 14*1 + (1 - 1). Let m(g) = 15 - 159*g + 561*g - 202*g. Is m(t) a composite number?
True
Suppose -4*d + 27 = 2*m + 3*m, -2*m = -4*d + 6. Suppose 7*y - 4*y - h = 29, -y + 13 = d*h. Suppose 0 = -12*g + y*g + 1358. Is g composite?
True
Suppose 7*n = 2*n + 15, 0 = 3*s - 2*n. Suppose s*v = -v + 3*u + 18, -3*u = 4*v + 4. Suppose -v*k = -88 - 526. Is k composite?
False
Let x = 4169968 - 2660417. Is x a prime number?
True
Let f(x) = 193*x + 10. Let q(n) = 191*n + 10. Let y(i) = 4*f(i) - 3*q(i). Let r be y(3). Suppose 304 = k - r. Is k composite?
False
Suppose -5*o = 2*b - 30015, 2*b + 0*o - 30050 = 2*o. Let j = b + -6733. Is j prime?
True
Let t = 9757 + -6007. Suppose 191 = k - t. Is k composite?
True
Is 6*(-19 + 351200/12) a prime number?
False
Let u be ((-3)/6 + -5)/(2/(-44056)). Suppose 4*z - u = -18*z. Is z a prime number?
True
Is ((-57)/228)/(173082/(-173080) + 1) prime?
False
Let i be (-244592)/(-28) - ((-31)/(-7) + -4). Suppose i = 17*x - 6752. Is x composite?
False
Is ((-22)/(-5))/(79/2580535) - -3 a composite number?
False
Suppose -u + 6*b - b - 20 = 0, 0 = -2*b + 8. Suppose u = -4*j + j + 84. Is j/(-7) - (-54)/2 a prime number?
True
Suppose 2930 = -16*n - 1566. Let b = 574 + n. Is b composite?
False
Suppose -5*r + 2 = -8, 24 = -3*o + 3*r. Is 2 - -9*2/(o/(-123)) a prime number?
False
Suppose 612267 - 14548 = 29*q. Is q a composite number?
False
Let w = 93 + -91. Suppose c - 5*p = -63, 4*c + w*p - p + 210 = 0. Let x = 135 + c. Is x composite?
True
Let f = -18 + 33. Suppose 33*w - 44*w - 100197 = -38*w. Suppose -18*g = -f*g - w. Is g composite?
False
Let i = 156870 + -77113. Is i composite?
False
Let h = 450708 - 236507. Is h prime?
False
Let j(w) = 16*w**2 + 6*w - 4. Let v(o) = -o**2 + 2*o + 11. Let z be v(4). Let m be j(z). Suppose -m = -h - h. Is h prime?
True
Let s = -104 - -392. Suppose 0 = -3*m + s + 2895. Is m a composite number?
False
Suppose 23*s - x - 5529 = 15*s, 5*s - 3*x - 3458 = 0. Is s a prime number?
True
Suppose -9*j - 10*j = -454486 - 33757. Is j prime?
False
Is (-2760972)/(-72) - 5/(-30) prime?
False
Let o = -179541 - -265604. Is o prime?
False
Suppose 31 + 11 = 7*s. Suppose -s*h + 3*h = -4*t - 237, 2*t + 79 = h. Suppose 81*a - h*a = 422. Is a prime?
True
Let v be 2/4 - (-11115)/78. Is (-8)/(-14) - -7022*v/154 a prime number?
True
Suppose 5*o - 666 - 929 = -5*r, o + 953 = 3*r. Let n = 913 - 216. Let u = n - r. Is u composite?
False
Suppose -u + 5*u = 5*p - 8, 5*u - 5*p + 5 = 0. Let r(k) = k**3 - k**2 - 8*k + 12. Let g be r(u). Is ((-194265)/g)/15*2/(-3) a composite number?
False
Let t(j) = j**3 + 9*j**2 + j - 9. Let s = 40 + -51. Let a be t(s). Let y = -105 - a. Is y composite?
False
Suppose x = -2*x - 714. Let b = -115 - x. Suppose -949 = -2*m - b. Is m composite?
True
Let y be (-2 - (-14)/5)*(-10)/4. Let t be (-7 + 44224 + -3)/((-3)/y). Is (-2 + 2 + (-5)/(-20))*t composite?
False
Let g = 16 + -12. Suppose 0 = 6*m - g*m + 14. Is 1314 + (-3)/12*(3 + m) a prime number?
False
Let x(j) = -46*j + 5. Let u be x(15). Let r = u - -189. Let i = 297 - r. Is i a composite number?
True
Is 165/44 - (-907978)/8 a composite number?
False
Let h be (54/(-5) + 2)/((-38)/285). Suppose -34456 = -h*v + 58*v. Is v a prime number?
False
Let p(k) = 410*k + 3. Let h(x) = -410*x - 3. Let z(v) = 7*h(v) + 6*p(v). Is z(-1) composite?
True
Suppose -960*u - 570774 = -966*u. Is u a composite number?
True
Suppose -41*l + 20377 = -48*l. Let r = -1460 - l. Is r composite?
False
Let z = 1629 - -2664. Suppose 0 = 47*n - 50*n + z. Let a = n + 2978. Is a a prime number?
True
Is ((-150)/(-225) - 1*-1409) + (-4)/6 prime?
True
Let c(x) = 2*x**3 - 18*x**2 + x + 11. Let t be c(9). Is (-4)/(-16)*-1 - (-411465)/t prime?
False
Let y be 0*-2*(15/6 - 3). Let o be (1 - y)/((-8)/(-32)). Is ((-8832)/9 - o)*(-6)/4 prime?
False
Suppose 0 = -4*z - t + 82374 + 44891, 4*z = -5*t + 127253. Is z prime?
True
Suppose 0 = 3*t - 1677 - 1110. Suppose 11*c - 10*c = t. Is c a prime number?
True
Is ((-7)/(-2) - 5) + 729995/14 composite?
True
Let m(a) = 3248*a**2 + 112*a - 409. Is m(4) prime?
False
Suppose -f = 5*c + 4*f - 47050, c = 4*f + 9435. Let x = -1528 + c. Suppose -2*j + 5258 = 2*l, 3*l + 0*j = 2*j + x. Is l composite?
True
Let c be 2*(15/2 - 3). Let m be (-7894)/(-16) - c/24. Suppose 4*i - m = y, -5*i - y + 614 = -0*y. Is i prime?
False
Suppose v - 4*h - h = 34, -4*v + 251 = 3*h. Let c = v - 59. Suppose 2*b + 3*y - 1353 = 4*y, -b - 3*y + 694 = c. Is b prime?
False
Let m = 11 + -17. Suppose t = -5*l - 10, -3*t + 6 = -2*l + 2. Is 257 + -1 + m/(-2) + t prime?
False
Let d(x) = 1089*x**2 - 2*x + 3. Let i(a) = a**3 + 8*a**2 + 7*a + 1. Let c be i(-7). Let j be d(c). Let w = -227 + j. Is w prime?
True
Suppose -9*d + 12*d + 26 = -k, -2*k + 28 = -4*d. Let q = d - -189. Is q a composite number?
False
Suppose x - i - 45 = 0, 75 = 3*x - 2*i - 64. Suppose -8*l + x*l - 428573 = 0. Is l composite?
False
Let m(w) = w + 1. Let v be m(3). Let g be ((-6)/(-8) + -1)*(0 + 4). Is (-350)/v*(-56)/35 + g prime?
True
Let s(w) = w**3 - 23*w**2 + 22*w + 20. Let q be s(22). Is ((-646)/8)/(q/(-80)) a prime number?
False
Suppose 50 = 5*t - 5*z, -4*t - 6*z + z + 58 = 0. Suppose -16*q + 1920 = -t*q. Let